 4 + 9 + 3*z + 2. Is f(6) prime?
True
Let l(a) be the second derivative of a**4/6 + 5*a**3/6 - 13*a**2/2 - 10*a. Is l(-18) a prime number?
False
Suppose -3*v = 5*i - 4*i - 128, v - 41 = -2*i. Is v composite?
False
Suppose -4*d = -0*d. Is (d - 0 - -10)*1 a prime number?
False
Let p be 0/(2 + 2) - -2. Suppose t - 74 = p*q + 9, 0 = -5*q - 15. Is t a composite number?
True
Let t = 1442 + 155. Is t prime?
True
Let y = -21 + 20. Let m = y + 40. Is m a composite number?
True
Suppose -4*k + h + 5911 = 0, -3*k - 3*h + 737 = -3685. Is k a composite number?
True
Suppose h - 162 = -2*m, 3 = -2*m + 1. Let p = -33 + h. Is p a composite number?
False
Suppose 0*f - 936 = -3*f. Let w = -221 + f. Is w prime?
False
Suppose -2*s = -s - 3. Suppose 0 = s*p + 2*p - 20. Suppose -p*j = j - 635. Is j prime?
True
Let w(s) = 3 - 4 + 70*s - 16*s. Let q be 2*(0 + (-1)/(-2)). Is w(q) a prime number?
True
Suppose 2*m + 70 = u - 27, -4*u + m = -381. Suppose 3*c + 2*c - u = 0. Is c composite?
False
Let f = -1 - -1. Let a(q) = -3*q + 8. Let k be a(-6). Let p = k + f. Is p prime?
False
Let h(v) = v**2 + 7. Let j(w) = 1 + 1 + 2 + w**2 - 7*w. Let k be j(4). Is h(k) composite?
False
Suppose -76 = -3*q + 2*q. Suppose -2*n - 2*a + 27 = a, 5*n - q = a. Is n composite?
True
Suppose -3*k - 2*k + b - 48 = 0, -5*k - 2*b = 39. Let p be (-3)/(-2)*(-258)/k. Let i = p + -6. Is i a composite number?
False
Suppose i = -4*s + 3*i, -3*s = -5*i. Suppose s = 2*r + 4*d, 6*d - 15 = -5*r + d. Let y(w) = 2*w**2 - 6*w + 1. Is y(r) a prime number?
True
Suppose -2*n + 2250 - 676 = 0. Is n a prime number?
True
Let o(v) = -v**3 - 12*v**2 - 12*v - 7. Is o(-14) a prime number?
False
Suppose 3*k - 10 = k. Suppose -4*b + 48 = 6*s - 3*s, -b - k*s = -29. Suppose -3*z - 158 = -5*o, 4*z - b = 7. Is o a composite number?
True
Suppose -i + 229 = -0*h + 2*h, 5*i - 2*h - 1169 = 0. Is i a prime number?
True
Let d(s) = s**3 + 2*s**2 - 3*s + 1. Let z be d(-3). Let a = z - -4. Suppose 56 = a*j - 59. Is j prime?
True
Is 623 + 0*3/(-9) prime?
False
Let l(v) = -v + 5. Let h be l(4). Is h - (-5)/((-10)/(-28)) composite?
True
Let l = 5 + -2. Let p(k) be the first derivative of 3*k**2/2 + k - 2. Is p(l) a composite number?
True
Let b(j) = -652*j**3 - 4*j**2 + j - 13. Let i(u) = 163*u**3 + u**2 + 3. Let t(c) = -2*b(c) - 9*i(c). Is t(-1) composite?
False
Let g(o) be the third derivative of 11*o**6/120 - o**3/6 - 3*o**2. Is g(1) a prime number?
False
Let g(v) = -v**2 - 8*v + 3. Let j be g(-8). Suppose c + 2*y - 6 = -1, j*y = 0. Suppose c*m + 23 = -2, 4*m + 135 = 5*q. Is q a prime number?
True
Let f = -1806 - -1210. Is (f/(-1))/2 - 0 a composite number?
True
Let k = 125 + 6. Suppose 0 = -4*a + 3*a + k. Is a composite?
False
Suppose 3*c - 2*t = 64, 7*t - 12 = 4*t. Let l be 27/2*8/12 - 2. Let g = l + c. Is g a composite number?
False
Suppose 2004 = -2*k + 4*m, k - m = 2*m - 998. Let r be (-1)/2 + k/(-20). Suppose 4*t - r = 314. Is t a composite number?
True
Let r be 4/10 + (-279)/(-15). Suppose 3*b - 142 = 4*h + r, 0 = -4*h + 16. Is b a composite number?
False
Suppose -p - p + 260 = 4*l, -4*l = -p - 260. Is l a prime number?
False
Suppose -4 + 1 = -m. Is 4 + 652 - m/1 a composite number?
False
Let k(g) be the second derivative of -2*g - 1/2*g**2 + 0 + 1/6*g**3 + 5/12*g**4 - 1/20*g**5. Is k(4) composite?
False
Let p(x) = 5*x + 5. Let s(n) = -3*n - 2. Let l(c) = 2*p(c) + 5*s(c). Let g be l(-2). Is g + (0 - 1) + 1 composite?
True
Suppose -4*w - 4*v = -w - 2547, -5*v - 3427 = -4*w. Is w a prime number?
True
Let c(y) = 4*y + 4*y - 2 + 0*y - y. Is c(3) a composite number?
False
Let w = -2717 - -7204. Is w composite?
True
Let c(m) = -8*m - 3. Let o(h) = h**3 - 5*h**2 - 7*h + 1. Let i be o(6). Is c(i) prime?
True
Suppose 0 = 2*h - 4480 - 29982. Is h a composite number?
False
Let q(y) = y**3 + 4*y**2 + 4*y + 3. Let i be q(-3). Let r = -12 + i. Let u = 22 + r. Is u a composite number?
True
Let v = -45 - -131. Suppose -2*g - 6 = 2*a - v, 2*a - 3*g - 55 = 0. Is a a composite number?
True
Suppose -3*x + 101 = -j, 4*j + 51 = -5*x - 285. Let d = j + 168. Is d composite?
False
Let g = 539 - 354. Suppose -w = -6*w + g. Is w a composite number?
False
Let w = 3 - 1. Suppose 15 = -2*o + b - 4, -4*o - 18 = w*b. Let m = 21 + o. Is m a prime number?
False
Suppose -4 = -3*c + 2*c. Let w = c - 1. Suppose -2*y + 12 + 29 = w*z, -4*y = z - 97. Is y composite?
True
Suppose -5*b + 8 = -7. Let w(u) = u + 5. Let a be w(-5). Suppose a*k = -b*k + 57. Is k a composite number?
False
Let g = 281 + -147. Is g a prime number?
False
Suppose 2*q = -3*q + 270. Suppose 306 = 2*z + q. Suppose 3*j = -2*f + 4*j + 138, -2*f + z = -4*j. Is f composite?
False
Let u(g) = -2*g. Let o = 0 + -1. Let x be u(o). Is (-156)/(-7) + x/(-7) a composite number?
True
Let r = 1369 - 898. Is r prime?
False
Let m(u) = -u + 14. Let b be m(8). Let i(c) = c**3 + 4 - 2 - b*c**2 + 0. Is i(6) a composite number?
False
Is 3/(2 - (-351)/(-177)) a prime number?
False
Suppose -4*a + 5*i = -21, a + 2*a = -5*i + 7. Suppose -a*s = -0*s - 332. Is s prime?
True
Let i(o) = 12*o**2 + 7*o - 2. Let c be i(-5). Suppose -m - c = -3*m + x, -3*m + 395 = -2*x. Is m a composite number?
False
Suppose 11 = -4*u + 27. Suppose -u*i = -5*i - z + 303, 0 = -5*z - 25. Suppose 5*t - t = i. Is t composite?
True
Suppose -2*n = -4*n + 2. Suppose -u - n = -2. Is u + -1 + 0 + 79 a composite number?
False
Let b(v) = -v**3 + 7*v**2 + 8*v + 3. Let s be b(8). Suppose -8*u + s*u + 275 = 0. Is u prime?
False
Let b = 600 + -332. Suppose -5*n + b = -n. Is n prime?
True
Let h(r) = -48*r + 5. Is h(-6) a composite number?
False
Let m(h) = -54*h + 1. Let r = -17 + 32. Suppose -5*w = 4*p + 27, 5*p + 0*p + r = 0. Is m(w) prime?
True
Suppose 2*z = -2*l + 1600, 0 = z + l + 3*l - 809. Is z a composite number?
False
Suppose -6*b + 2988 = -14610. Is b a prime number?
False
Let k(s) = 5*s**2 + 2*s - 6. Let o be k(8). Let q = -197 + o. Is q a prime number?
False
Suppose -3*h + 74 + 163 = 0. Is h composite?
False
Suppose -6*n = -n - 10. Let x(w) be the second derivative of 7*w**5/20 - w**4/12 + w**3/3 - w**2/2 - 2*w. Is x(n) composite?
True
Let g be ((-20)/(-6))/((-10)/15). Is -87*((-30)/(-9))/g a composite number?
True
Suppose -284 = -3*w + 13. Let p = 16 + w. Is p composite?
True
Is -3*(1910/6)/(-5) a composite number?
False
Let r(b) = 8*b**3 + 5*b**2 + 11*b - 7. Is r(4) a composite number?
True
Suppose -2*q - 4*v = -186, -93 = -3*q + 2*q + 4*v. Is q a prime number?
False
Let x = 13 + -8. Let u be (x/3)/((-2)/12). Let s = -7 - u. Is s a composite number?
False
Let v(k) = -6*k + 3*k + 1 + 4*k. Let f be v(-7). Let b(s) = 3*s**2 + 5*s + 1. Is b(f) a composite number?
False
Let f(n) = 42*n**2 + 7*n**2 + 6*n + 2 - 2*n - n. Let w be f(-2). Suppose -4*l = -w + 44. Is l a prime number?
True
Let n(i) = 21*i**2 - 7*i + 7. Is n(5) a prime number?
False
Is 2/((-4)/7404*-3) prime?
False
Suppose 11*v = 19*v - 2008. Is v composite?
False
Let l be (-6)/(-27) + (-102)/(-27). Let x be 534/42 + l/14. Suppose 2*y - 25 = x. Is y a composite number?
False
Suppose -h - 5*o = -0*o - 167, 5*h + 2*o - 789 = 0. Is h prime?
True
Let v = -116 - 6. Let r = 173 + v. Is (r/(-9) + 2)*-3 composite?
False
Let i(t) = t**2 + t - 19. Is i(14) a prime number?
True
Let r(h) be the third derivative of -1/4*h**4 + 3*h**2 + 0*h - 1/3*h**3 + 1/60*h**5 + 0. Is r(8) a composite number?
True
Is ((-3)/7 - 4/7) + 404 a prime number?
False
Let t = 102 + 97. Is t a composite number?
False
Let i = 16 - 11. Suppose 0*b + 2*f = -i*b + 1054, b - 200 = -4*f. Suppose v = -3*v + b. Is v prime?
True
Is 8/20 - 573/(-5) composite?
True
Let v(x) = 2*x**3 - 2*x + 1. Suppose p = -3*p - 4. Let s be 3 + 2/(-3 - p). Is v(s) composite?
False
Let b = 732 - 359. Is b a prime number?
True
Let n = 214 + 55. Suppose 11 = -2*p + n. Is p prime?
False
Suppose -2*o + 4*o = -5*c + 12, 6 = o + 2*c. Let g = 3 - o. Let y(l) = 2*l**2 + l. Is y(g) composite?
True
Let o(y) = -y**2 + 9*y + 4. Let l be o(9). Suppose l*v = v + 21. Let f(m) = 13*m - 4. Is f(v) composite?
True
Let c(t) = 18*t**2 - 2*t - 2. Let l be c(-2). Suppose j + 0*j = -1, 0 = 4*p - 2*j - l. Let z = p + 3. Is z prime?
False
Suppose -5*t - 10 = -4*f, 10 = -2*t + 5*f - 11. Let g be ((-3)/9)/(t/(-12)). Suppose 119 = g*q + 3*j, 4*q - 4*j = -197 + 485. Is q prime?
True
Sup